{"id":18,"date":"2019-05-02T16:54:05","date_gmt":"2019-05-02T14:54:05","guid":{"rendered":"http:\/\/soof.fr\/?page_id=18"},"modified":"2024-07-04T15:18:53","modified_gmt":"2024-07-04T13:18:53","slug":"a-propos-de","status":"publish","type":"page","link":"https:\/\/soof.fr\/index.php\/a-propos-de\/","title":{"rendered":"Qui suis-je?"},"content":{"rendered":"\n<figure class=\"wp-block-image aligncenter size-full is-resized\"><img loading=\"lazy\" decoding=\"async\" width=\"606\" height=\"653\" src=\"http:\/\/soof.fr\/wp-content\/uploads\/2024\/05\/SF-conf.png\" alt=\"\" class=\"wp-image-337\" style=\"width:113px;height:auto\" srcset=\"https:\/\/soof.fr\/wp-content\/uploads\/2024\/05\/SF-conf.png 606w, https:\/\/soof.fr\/wp-content\/uploads\/2024\/05\/SF-conf-278x300.png 278w\" sizes=\"(max-width: 606px) 100vw, 606px\" \/><\/figure>\n\n\n\n<p>Je suis form\u00e9e en droit public et sp\u00e9cialis\u00e9e en droit de l\u2019environnement.<\/p>\n\n\n\n<p>J\u2019ai eu l\u2019occasion d\u2019occuper plusieurs postes de juriste environnement puis de coordonnatrice de projets environnementaux, principalement en ONG.<\/p>\n\n\n\n<p>Je me suis sp\u00e9cialis\u00e9e sur les th\u00e9matiques sant\u00e9-environnement tr\u00e8s t\u00f4t dans mon parcours.<\/p>\n\n\n\n<p>J\u2019ai aussi eu la chance de faire de la coordination de r\u00e9seau associatif dans une f\u00e9d\u00e9ration nationale d\u2019ONG.<\/p>\n\n\n\n<p>Depuis 2019, je suis formatrice conseil ind\u00e9pendante sur toutes les questions li\u00e9es \u00e0 l\u2019environnement et \u00e0 la sant\u00e9 environnementale. Je fais aussi de l&rsquo;accompagnement de structures de l&rsquo;ESS d\u00e9sireuses de travailler sur les aspects gouvernance, partenariats et financements, mutualisation et autres.<\/p>\n\n\n\n<p><strong>\u25a0<\/strong><strong> Formation<\/strong><\/p>\n\n\n\n<p>-Juriste en droit public, sp\u00e9cialis\u00e9e en droit de l\u2019environnement<\/p>\n\n\n\n<p>-Formatrice<\/p>\n\n\n\n<p>-Intelligence collective<\/p>\n\n\n\n<p><strong>\u25a0<\/strong><strong> Exp<\/strong><strong>\u00e9<\/strong><strong>rience professionnelle<\/strong><\/p>\n\n\n\n<p>-Formatrice conseil sant\u00e9-environnement<\/p>\n\n\n\n<p>-Coordinatrice du lien f\u00e9d\u00e9ral dans une f\u00e9d\u00e9ration nationale d\u2019association de protection de l\u2019environnement<\/p>\n\n\n\n<p>-Coordinatrice sant\u00e9-environnement<\/p>\n\n\n\n<p>-Coordinatrice de projet environnement<\/p>\n\n\n\n<p>-Juriste environnement<\/p>\n","protected":false},"excerpt":{"rendered":"<p>Je suis form\u00e9e en droit public et sp\u00e9cialis\u00e9e en droit de l\u2019environnement. J\u2019ai eu l\u2019occasion d\u2019occuper plusieurs postes de juriste environnement puis de coordonnatrice de projets environnementaux, principalement en ONG. [&hellip;]<\/p>\n","protected":false},"author":1,"featured_media":334,"parent":0,"menu_order":0,"comment_status":"closed","ping_status":"closed","template":"","meta":{"footnotes":""},"_links":{"self":[{"href":"https:\/\/soof.fr\/index.php\/wp-json\/wp\/v2\/pages\/18"}],"collection":[{"href":"https:\/\/soof.fr\/index.php\/wp-json\/wp\/v2\/pages"}],"about":[{"href":"https:\/\/soof.fr\/index.php\/wp-json\/wp\/v2\/types\/page"}],"author":[{"embeddable":true,"href":"https:\/\/soof.fr\/index.php\/wp-json\/wp\/v2\/users\/1"}],"replies":[{"embeddable":true,"href":"https:\/\/soof.fr\/index.php\/wp-json\/wp\/v2\/comments?post=18"}],"version-history":[{"count":11,"href":"https:\/\/soof.fr\/index.php\/wp-json\/wp\/v2\/pages\/18\/revisions"}],"predecessor-version":[{"id":421,"href":"https:\/\/soof.fr\/index.php\/wp-json\/wp\/v2\/pages\/18\/revisions\/421"}],"wp:featuredmedia":[{"embeddable":true,"href":"https:\/\/soof.fr\/index.php\/wp-json\/wp\/v2\/media\/334"}],"wp:attachment":[{"href":"https:\/\/soof.fr\/index.php\/wp-json\/wp\/v2\/media?parent=18"}],"curies":[{"name":"wp","href":"https:\/\/api.w.org\/{rel}","templated":true}]}}